or of 290 and 38.
2
Calculate the highest common factor of 11 and 319.
11
What is the highest common divisor of 26 and 2?
2
Calculate the greatest common divisor of 185 and 40.
5
Calculate the highest common factor of 37 and 37.
37
What is the highest common factor of 833 and 49?
49
Calculate the greatest common divisor of 534 and 114.
6
Calculate the greatest common factor of 994 and 70.
14
Calculate the greatest common divisor of 414 and 1886.
46
Calculate the greatest common factor of 128 and 448.
64
Calculate the highest common divisor of 6 and 4359.
3
Calculate the highest common divisor of 45 and 19395.
45
What is the greatest common divisor of 72 and 252?
36
What is the greatest common divisor of 475 and 50?
25
Calculate the highest common divisor of 2 and 12722.
2
Calculate the greatest common divisor of 483 and 336.
21
What is the greatest common divisor of 25 and 295?
5
Calculate the highest common divisor of 12 and 588.
12
Calculate the greatest common factor of 5 and 1835.
5
What is the highest common divisor of 150 and 1600?
50
What is the highest common divisor of 6 and 42?
6
Calculate the greatest common divisor of 427 and 126.
7
Calculate the highest common divisor of 90 and 10770.
30
What is the highest common factor of 159 and 2?
1
Calculate the greatest common divisor of 13 and 2561.
13
Calculate the greatest common divisor of 276 and 299.
23
What is the highest common divisor of 2 and 18?
2
Calculate the greatest common factor of 18775 and 25.
25
Calculate the highest common factor of 2970 and 550.
110
What is the greatest common factor of 43132 and 164?
164
What is the highest common divisor of 52173 and 279?
279
Calculate the highest common divisor of 1780 and 640.
20
What is the greatest common divisor of 6411 and 6?
3
What is the highest common factor of 35 and 448?
7
What is the greatest common factor of 5239 and 341?
31
Calculate the greatest common factor of 119 and 1734.
17
Calculate the greatest common divisor of 5123 and 109.
109
Calculate the greatest common factor of 106 and 72504.
106
Calculate the highest common divisor of 28 and 105.
7
What is the greatest common factor of 25 and 25?
25
What is the highest common factor of 72 and 40?
8
What is the greatest common divisor of 860 and 1247?
43
What is the highest common factor of 21 and 41559?
21
Calculate the greatest common factor of 425 and 7055.
85
Calculate the greatest common divisor of 64 and 16.
16
Calculate the highest common factor of 1040 and 704.
16
Calculate the highest common factor of 7 and 5677.
7
Calculate the greatest common divisor of 21 and 207.
3
What is the highest common divisor of 8 and 188?
4
Calculate the highest common factor of 356 and 801.
89
What is the greatest common factor of 108 and 252?
36
What is the greatest common divisor of 1975 and 1027?
79
What is the greatest common factor of 126 and 28?
14
What is the highest common factor of 70 and 525?
35
Calculate the greatest common divisor of 592 and 666.
74
Calculate the greatest common factor of 32 and 4688.
16
What is the greatest common divisor of 273 and 14?
7
Calculate the highest common factor of 336 and 3120.
48
What is the highest common divisor of 170 and 130?
10
What is the greatest common factor of 2159 and 102?
17
What is the greatest common factor of 607 and 3?
1
What is the highest common divisor of 24 and 468?
12
Calculate the highest common divisor of 268 and 469.
67
Calculate the greatest common factor of 14 and 6.
2
Calculate the greatest common divisor of 1141 and 652.
163
What is the greatest common divisor of 24198 and 111?
111
Calculate the greatest common factor of 25 and 675.
25
Calculate the greatest common factor of 112 and 64.
16
What is the highest common divisor of 260 and 195?
65
Calculate the highest common factor of 7 and 77.
7
What is the highest common divisor of 13 and 4771?
13
What is the highest common divisor of 630 and 270?
90
Calculate the greatest common divisor of 1 and 33.
1
Calculate the highest common factor of 2124 and 3.
3
Calculate the greatest common divisor of 3558 and 6.
6
Calculate the greatest common factor of 4214 and 86.
86
Calculate the highest common factor of 184 and 46.
46
Calculate the greatest common factor of 39 and 13.
13
Calculate the greatest common factor of 45 and 255.
15
Calculate the highest common factor of 12 and 34116.
12
What is the highest common factor of 56 and 4564?
28
What is the highest common divisor of 23 and 575?
23
Calculate the greatest common divisor of 8857 and 17.
17
What is the highest common divisor of 20106 and 36?
18
Calculate the highest common factor of 774 and 1376.
86
What is the greatest common divisor of 548 and 40?
4
What is the greatest common factor of 132 and 60?
12
What is the greatest common divisor of 34 and 136?
34
What is the greatest common divisor of 122 and 1?
1
Calculate the greatest common factor of 90 and 1530.
90
What is the greatest common factor of 7 and 1?
1
What is the greatest common factor of 533 and 1804?
41
Calculate the highest common divisor of 836 and 133.
19
What is the greatest common factor of 24 and 66?
6
What is the highest common factor of 86741 and 127?
127
Calculate the highest common divisor of 99 and 9372.
33
Calculate the greatest common factor of 81 and 2187.
81
Calculate the greatest common factor of 1040 and 100.
20
Calculate the greatest common divisor of 420 and 120.
60
Calculate the highest common divisor of 10680 and 120.
120
Calculate the highest common factor of 9 and 657.
9
What is the highest common factor of 680 and 80?
40
Calculate the greatest common divisor of 108 and 12.
12
What is the highest common factor of 68 and 13277?
17
Calculate the highest common divisor of 124 and 36.
4
What is the highest common divisor of 3349 and 51?
17
Calculate the highest common factor of 102 and 78.
6
Calculate the greatest common divisor of 140 and 4515.
35
What is the highest common factor of 48 and 1208?
8
What is the greatest common divisor of 340 and 610?
10
Calculate the greatest common factor of 6 and 339.
3
Calculate the greatest common factor of 28 and 350.
14
Calculate the highest common divisor of 207 and 18.
9
What is the highest common factor of 49 and 14?
7
Calculate the greatest common divisor of 60 and 2600.
20
What is the greatest common divisor of 13 and 299?
13
What is the highest common factor of 141 and 15?
3
Calculate the greatest common divisor of 1943 and 335.
67
What is the highest common factor of 605 and 220?
55
What is the greatest common divisor of 35 and 6475?
35
Calculate the highest common factor of 540 and 60.
60
What is the highest common divisor of 767 and 923?
13
What is the greatest common divisor of 440 and 3872?
88
What is the greatest common factor of 1333 and 129?
43
What is the greatest common divisor of 2 and 58?
2
Calculate the highest common factor of 32 and 560.
16
Calculate the greatest common factor of 17 and 1003.
17
Calculate the highest common divisor of 1782 and 88.
22
What is the greatest common factor of 17234 and 98?
14
Calculate the greatest common divisor of 23 and 10649.
23
What is the highest common divisor of 196 and 4?
4
What is the highest common divisor of 2629 and 1912?
239
Calculate the highest common divisor of 144 and 368.
16
Calculate the highest common divisor of 133 and 581.
7
What is the highest common divisor of 1435 and 21?
7
Calculate the highest common factor of 2163 and 28.
7
What is the highest common divisor of 23 and 23?
23
What is the greatest common divisor of 493 and 29?
29
Calculate the greatest common factor of 375 and 60.
15
What is the greatest common factor of 114 and 9462?
114
What is the greatest common divisor of 2738 and 296?
74
Calculate the greatest common divisor of 608 and 228.
76
What is the highest common factor of 10988 and 492?
164
What is the greatest common factor of 4945 and 1075?
215
What is the greatest common factor of 974 and 6?
2
Calculate the highest common divisor of 35131 and 76.
19
Calculate the greatest common divisor of 364 and 442.
26
What is the greatest common factor of 62 and 806?
62
Calculate the greatest common divisor of 2345 and 245.
35
What is the greatest common factor of 852 and 3?
3
Calculate the highest common divisor of